 (base 3) to base 6
311004
What is 316 (base 11) in base 6?
1432
Convert 11221 (base 4) to base 8.
551
144323 (base 8) to base 12
25903
-314300 (base 5) to base 16
-294f
-1433110 (base 5) to base 15
-9020
What is 20221 (base 3) in base 10?
187
What is 211031 (base 6) in base 14?
6323
11e4 (base 16) to base 15
1555
Convert -213330 (base 7) to base 11.
-25a5a
Convert -3534 (base 7) to base 5.
-20144
Convert -111001001 (base 2) to base 4.
-13021
-145 (base 8) to base 10
-101
What is 1a12 (base 14) in base 4?
1021300
What is 4f44 (base 16) in base 14?
7576
Convert -6218 (base 14) to base 6.
-210050
-1010110110010 (base 2) to base 11
-419a
What is 5264 (base 12) in base 6?
105404
c0 (base 14) to base 11
143
Convert -2126 (base 7) to base 2.
-1011110011
What is -1119 (base 10) in base 7?
-3156
-454 (base 7) to base 11
-1a4
What is -501 (base 12) in base 5?
-10341
-17b9 (base 13) to base 10
-3532
-54 (base 6) to base 5
-114
Convert 1000202022 (base 3) to base 15.
5edb
592 (base 14) to base 11
918
-41069 (base 10) to base 13
-15902
1d73b (base 14) to base 7
433104
-185 (base 16) to base 14
-1db
20389 (base 10) to base 15
6094
10012 (base 3) to base 9
105
-10212120 (base 3) to base 10
-2823
Convert -1102110 (base 4) to base 3.
-21020010
What is 3ea (base 16) in base 7?
2631
What is 43400 (base 5) in base 3?
11002012
-2054 (base 6) to base 13
-29b
What is 2b4 (base 14) in base 9?
671
What is -3e01 (base 15) in base 13?
-6073
121020 (base 3) to base 12
306
-100002021 (base 3) to base 8
-14736
What is 8863 (base 9) in base 14?
254d
-1040 (base 5) to base 13
-b2
Convert 50f (base 16) to base 12.
8bb
Convert 16666 (base 7) to base 8.
11301
What is 9f8 (base 16) in base 5?
40202
-2312 (base 5) to base 14
-19a
What is 76a (base 11) in base 7?
2456
Convert 2322 (base 6) to base 2.
1000101010
-1101010001 (base 2) to base 11
-702
-2596 (base 12) to base 14
-17c6
22240 (base 5) to base 14
802
What is -a3b (base 13) in base 15?
-7b0
What is -1002012 (base 5) in base 4?
-3320022
-646 (base 10) to base 13
-3a9
22464 (base 7) to base 8
13142
bb5 (base 12) to base 11
1325
What is 8f29 (base 16) in base 12?
19261
What is -186b (base 13) in base 14?
-147c
What is -52678 (base 9) in base 4?
-20200010
What is 112123012 (base 4) in base 12?
4519a
-18047 (base 11) to base 3
-1021202112
1bb (base 14) to base 15
191
-3416 (base 7) to base 8
-2326
What is -502 (base 11) in base 12?
-427
Convert 17374 (base 8) to base 4.
1323330
Convert -1012032 (base 4) to base 14.
-18d0
Convert -5736 (base 8) to base 12.
-1912
Convert 11c3b (base 15) to base 4.
31312310
What is 4864 (base 11) in base 13?
2b85
-1096 (base 14) to base 9
-3845
Convert -8bd1 (base 14) to base 10.
-24291
What is 10000111011011 (base 2) in base 9?
12800
-1930 (base 11) to base 9
-3325
What is 130315 (base 6) in base 15?
3758
-5121 (base 6) to base 14
-5a9
101000011001 (base 2) to base 10
2585
Convert 6646 (base 8) to base 16.
da6
What is -17b3 (base 12) in base 4?
-230313
-10240 (base 5) to base 11
-582
Convert 20210002 (base 3) to base 12.
2a3b
Convert 18c7 (base 14) to base 2.
1000110000111
What is -12200 (base 4) in base 15?
-1cb
Convert -498 (base 10) to base 6.
-2150
What is -1a5 (base 16) in base 14?
-221
Convert 1000011011 (base 2) to base 13.
326
-696 (base 16) to base 3
-2022110
What is -47f5 (base 16) in base 2?
-100011111110101
Convert -214121 (base 6) to base 15.
-53e1
What is -144 (base 7) in base 4?
-1101
Convert -513 (base 6) to base 12.
-139
Convert 70c (base 14) to base 6.
10224
Convert 9093 (base 10) to base 12.
5319
-13354 (base 8) to base 3
-22001100
What is 18 (base 12) in base 3?
202
Convert 1715 (base 10) to base 11.
131a
Convert 186 (base 15) to base 12.
253
What is -2a99 (base 13) in base 8?
-14102
-1111 (base 9) to base 8
-1464
Convert 60a (base 13) to base 15.
484
6933 (base 11) to base 3
110111110
What is 13d (base 15) in base 3?
101111
30060 (base 10) to base 14
ad52
What is -751 (base 14) in base 4?
-112203
Convert -2a0b (base 13) to base 8.
-13717
1053 (base 11) to base 10
1389
Convert 17aa (base 12) to base 11.
2176
Convert -10348 (base 10) to base 4.
-2201230
-1011110111111100 (base 2) to base 10
-48636
42708 (base 12) to base 5
10244131
What is 16 (base 16) in base 8?
26
11aa (base 12) to base 10
2002
What is 2ae (base 15) in base 12?
432
-245 (base 12) to base 3
-110122
What is a6 (base 14) in base 5?
1041
What is b4a3 (base 12) in base 6?
231123
12212 (base 3) to base 12
112
Convert 12 (base 11) to base 12.
11
Convert -12554 (base 6) to base 2.
-11110010110
Convert 10100110011010 (base 2) to base 11.
8002
-414414 (base 5) to base 9
-20750
d850 (base 15) to base 3
2022202110
What is 320333 (base 4) in base 12?
213b
-337 (base 12) to base 3
-122121
What is 1423 (base 16) in base 10?
5155
Convert 1320 (base 4) to base 7.
231
Convert -5516 (base 8) to base 10.
-2894
Convert 3153 (base 7) to base 14.
59a
What is 42c9 (base 15) in base 6?
145243
What is -3174 (base 8) in base 15?
-75a
15c2 (base 14) to base 5
111034
10010100101011 (base 2) to base 5
301030
101101101000110 (base 2) to base 10
23366
6361 (base 16) to base 5
1303231
11110 (base 2) to base 5
110
What is 32664 (base 7) in base 3?
102021210
10102120 (base 3) to base 5
34444
122b1 (base 12) to base 8
60045
What is 1ba9 (base 16) in base 4?
1232221
103222 (base 4) to base 12
88a
b598 (base 13) to base 14
9237
What is 10010000 (base 2) in base 3?
12100
Convert -3a5 (base 13) to base 2.
-1010000010
12341 (base 7) to base 11
24a7
Convert 1112545 (base 6) to base 16.
dc31
-231 (base 14) to base 2
-110110011
22600 (base 10) to base 5
1210400
Convert 5774 (base 8) to base 14.
1192
Convert -124240 (base 5) to base 11.
-3796
Convert 101100001001110 (base 2) to base 16.
584e
Convert 2022020 (base 4) to base 6.
104532
What is 202211 (base 3) in base 4?
20302
What is 1a3 (base 14) in base 2?
101010011
287 (base 14) to base 11
425
Convert -330304 (base 5) to base 8.
-26101
-1034 (base 14) to base 13
-1368
342 (base 13) to base 4
20301
367 (base 12) to base 6
2211
-10101110 (base 2) to base 12
-126
24012 (base 7) to base 6
44343
-10220212 (base 5) to base 10
-85682
Convert -3121 (base 4) to base 10.
-217
Convert 1246 (base 8) to base 15.
303
Convert -25134 (base 6) to base 5.
-104410
-23133203 (base 4) to base 8
-133743
1286 (base 13) to base 8
5125
Convert -21110 (base 3) to base 7.
-405
What is -30132 (base 5) in base 9?
-2560
Convert -387 (base 12) to base 4.
-20113
What is -4034 (base 5) in base 4?
-20013
Convert -4969 (base 13) to base 12.
-6024
What is -240 (base 12) in base 15?
-176
Convert -113041 (base 5) to base 10.
-4146
-2585 (base 9) to base 10
-1940
Convert -6255 (base 15) to base 4.
-11010230
-13899 (base 12) to base 6
-325513
Convert 174db (base 14) to base 4.
32103221
Convert 189 (base 12) to base 10.
249
765 (base 12) to base 9
1435
What is 2370 (base 8) in base 7?
3465
What is -116426 (base 7) in base 3?
-1002110122
Convert -20378 (base 10) to base 6.
-234202
-3699 (base 11) to base 15
-166c
Convert -52 (base 8) to base 14.
-30
-16565 (base 9) to base 2
-10110010000111
What is 5658 (base 9) in base 10?
4184
51a8 (base 11) to base 4
1223232
What is -4351 (base 10) in base 11?
-32a6
What is -15726 (base 10) in base 6?
-200450
23b (base 12) to base 14
19d
Convert 11222100 (base 3) to base 14.
1471
Convert 12064 (base 7) to base 16.
c3d
What is 111111111 (base 2) in base 12?
367
Convert -201211 (base 3) to base 13.
-322
What is -319 (base 15) in base 8?
-1273
-230 (base 6) to base 9
-110
What is 100231 (base 4) in base 13?
643
What is 33157 (base 8) in base 5?
421220
853 (base 12) to base 9
1600
What is 7737 (base 9) in base 12?
3374
11011202 (base 3) to base 11
2318
Convert -4200 (base 5) to base 10.
-550
What is -318 (base 13) in base 7?
-1353
Convert 10346 (base 7) to base 16.
a16
-3662 (base 10) to base 7
-13451
-1211021 (base 3) to base 9
-1737
1bcb (base 13) to base 12
253b
Convert 340 (base 5) to base 13.
74
What is 120022110 (base 3) in base 7?
44355
Convert 598 (base 11) to base 2.
1011001000
1621 (base 9) to base 2
10011010010
-1000111101110000 (base 2) to base 4
-20331300
What is 1530 (base 8) in base 11?
709
What is 26122 (base 9) in base 8?
42275
Convert 1001000 (base 2) to base 14.
52
11110100101 (base 2) 